{"id":19504,"date":"2022-11-29T13:57:27","date_gmt":"2022-11-29T13:57:27","guid":{"rendered":"https:\/\/klang.io\/calendario-do-advento\/"},"modified":"2024-05-11T17:02:52","modified_gmt":"2024-05-11T17:02:52","slug":"calendario-do-advento","status":"publish","type":"page","link":"https:\/\/klang.io\/pt-br\/calendario-do-advento\/","title":{"rendered":"Calend\u00e1rio do Advento"},"content":{"rendered":"<div id=\"root\"><\/div>\n\n<style>body {\n  padding-right: 0!important;\n}\n<\/style>\n","protected":false},"excerpt":{"rendered":"","protected":false},"author":1,"featured_media":19505,"parent":0,"menu_order":0,"comment_status":"closed","ping_status":"closed","template":"elementor_header_footer","meta":{"footnotes":"","_links_to":"","_links_to_target":""},"class_list":["post-19504","page","type-page","status-publish","has-post-thumbnail","hentry"],"yoast_head":"<!-- This site is optimized with the Yoast SEO plugin v26.4 - https:\/\/yoast.com\/wordpress\/plugins\/seo\/ -->\n<title>Calend\u00e1rio do Advento 2023 | klang.io<\/title>\n<meta name=\"description\" content=\"Descubra a magia musical de Klangio nesta temporada de f\u00e9rias! Descubra uma nova surpresa diariamente com nosso Calend\u00e1rio do Advento. Cada porta se abre para m\u00fasicas exclusivas, insights sobre tecnologia e especialidades do Klangio. Perfeito para m\u00fasicos e entusiastas da tecnologia. Junte-se a n\u00f3s para celebrar a inova\u00e7\u00e3o e a melodia!\" \/>\n<meta name=\"robots\" content=\"index, follow, max-snippet:-1, max-image-preview:large, max-video-preview:-1\" \/>\n<link rel=\"canonical\" href=\"https:\/\/klang.io\/pt-br\/calendario-do-advento\/\" \/>\n<meta property=\"og:locale\" content=\"pt_BR\" \/>\n<meta property=\"og:type\" content=\"article\" \/>\n<meta property=\"og:title\" content=\"Calend\u00e1rio do Advento 2023 | klang.io\" \/>\n<meta property=\"og:description\" content=\"Descubra a magia musical de Klangio nesta temporada de f\u00e9rias! Descubra uma nova surpresa diariamente com nosso Calend\u00e1rio do Advento. Cada porta se abre para m\u00fasicas exclusivas, insights sobre tecnologia e especialidades do Klangio. Perfeito para m\u00fasicos e entusiastas da tecnologia. Junte-se a n\u00f3s para celebrar a inova\u00e7\u00e3o e a melodia!\" \/>\n<meta property=\"og:url\" content=\"https:\/\/klang.io\/pt-br\/calendario-do-advento\/\" \/>\n<meta property=\"og:site_name\" content=\"klang.io\" \/>\n<meta property=\"article:publisher\" content=\"https:\/\/facebook.com\/klangio\" \/>\n<meta property=\"article:modified_time\" content=\"2024-05-11T17:02:52+00:00\" \/>\n<meta property=\"og:image\" content=\"https:\/\/klang.io\/wp-content\/uploads\/2023\/11\/Screenshot-2023-11-29-142558.jpg\" \/>\n\t<meta property=\"og:image:width\" content=\"1635\" \/>\n\t<meta property=\"og:image:height\" content=\"859\" \/>\n\t<meta property=\"og:image:type\" content=\"image\/jpeg\" \/>\n<meta name=\"twitter:card\" content=\"summary_large_image\" \/>\n<meta name=\"twitter:site\" content=\"@klangio\" \/>\n<script type=\"application\/ld+json\" class=\"yoast-schema-graph\">{\"@context\":\"https:\/\/schema.org\",\"@graph\":[{\"@type\":\"WebPage\",\"@id\":\"https:\/\/klang.io\/pt-br\/calendario-do-advento\/\",\"url\":\"https:\/\/klang.io\/pt-br\/calendario-do-advento\/\",\"name\":\"Calend\u00e1rio do Advento 2023 | klang.io\",\"isPartOf\":{\"@id\":\"https:\/\/klang.io\/pt-br\/#website\"},\"primaryImageOfPage\":{\"@id\":\"https:\/\/klang.io\/pt-br\/calendario-do-advento\/#primaryimage\"},\"image\":{\"@id\":\"https:\/\/klang.io\/pt-br\/calendario-do-advento\/#primaryimage\"},\"thumbnailUrl\":\"https:\/\/klang.io\/wp-content\/uploads\/2023\/11\/Screenshot-2023-11-29-142558.jpg\",\"datePublished\":\"2022-11-29T13:57:27+00:00\",\"dateModified\":\"2024-05-11T17:02:52+00:00\",\"description\":\"Descubra a magia musical de Klangio nesta temporada de f\u00e9rias! Descubra uma nova surpresa diariamente com nosso Calend\u00e1rio do Advento. Cada porta se abre para m\u00fasicas exclusivas, insights sobre tecnologia e especialidades do Klangio. Perfeito para m\u00fasicos e entusiastas da tecnologia. Junte-se a n\u00f3s para celebrar a inova\u00e7\u00e3o e a melodia!\",\"breadcrumb\":{\"@id\":\"https:\/\/klang.io\/pt-br\/calendario-do-advento\/#breadcrumb\"},\"inLanguage\":\"pt-BR\",\"potentialAction\":[{\"@type\":\"ReadAction\",\"target\":[\"https:\/\/klang.io\/pt-br\/calendario-do-advento\/\"]}]},{\"@type\":\"ImageObject\",\"inLanguage\":\"pt-BR\",\"@id\":\"https:\/\/klang.io\/pt-br\/calendario-do-advento\/#primaryimage\",\"url\":\"https:\/\/klang.io\/wp-content\/uploads\/2023\/11\/Screenshot-2023-11-29-142558.jpg\",\"contentUrl\":\"https:\/\/klang.io\/wp-content\/uploads\/2023\/11\/Screenshot-2023-11-29-142558.jpg\",\"width\":1635,\"height\":859},{\"@type\":\"BreadcrumbList\",\"@id\":\"https:\/\/klang.io\/pt-br\/calendario-do-advento\/#breadcrumb\",\"itemListElement\":[{\"@type\":\"ListItem\",\"position\":1,\"name\":\"Home\",\"item\":\"https:\/\/klang.io\/pt-br\/inicio-2\/\"},{\"@type\":\"ListItem\",\"position\":2,\"name\":\"Calend\u00e1rio do Advento\"}]},{\"@type\":\"WebSite\",\"@id\":\"https:\/\/klang.io\/pt-br\/#website\",\"url\":\"https:\/\/klang.io\/pt-br\/\",\"name\":\"Klangio\",\"description\":\"AI Tools for Musicians\",\"publisher\":{\"@id\":\"https:\/\/klang.io\/pt-br\/#organization\"},\"potentialAction\":[{\"@type\":\"SearchAction\",\"target\":{\"@type\":\"EntryPoint\",\"urlTemplate\":\"https:\/\/klang.io\/pt-br\/?s={search_term_string}\"},\"query-input\":{\"@type\":\"PropertyValueSpecification\",\"valueRequired\":true,\"valueName\":\"search_term_string\"}}],\"inLanguage\":\"pt-BR\"},{\"@type\":\"Organization\",\"@id\":\"https:\/\/klang.io\/pt-br\/#organization\",\"name\":\"Klangio GmbH\",\"url\":\"https:\/\/klang.io\/pt-br\/\",\"logo\":{\"@type\":\"ImageObject\",\"inLanguage\":\"pt-BR\",\"@id\":\"https:\/\/klang.io\/pt-br\/#\/schema\/logo\/image\/\",\"url\":\"\/wp-content\/uploads\/2021\/12\/cropped-Klangio-Logo-icon-1C.png\",\"contentUrl\":\"\/wp-content\/uploads\/2021\/12\/cropped-Klangio-Logo-icon-1C.png\",\"width\":512,\"height\":512,\"caption\":\"Klangio GmbH\"},\"image\":{\"@id\":\"https:\/\/klang.io\/pt-br\/#\/schema\/logo\/image\/\"},\"sameAs\":[\"https:\/\/facebook.com\/klangio\",\"https:\/\/x.com\/klangio\",\"https:\/\/www.linkedin.com\/company\/klangio\/\",\"https:\/\/www.instagram.com\/klangio\/\",\"https:\/\/www.youtube.com\/@Klangio\"]}]}<\/script>\n<!-- \/ Yoast SEO plugin. -->","yoast_head_json":{"title":"Calend\u00e1rio do Advento 2023 | klang.io","description":"Descubra a magia musical de Klangio nesta temporada de f\u00e9rias! Descubra uma nova surpresa diariamente com nosso Calend\u00e1rio do Advento. Cada porta se abre para m\u00fasicas exclusivas, insights sobre tecnologia e especialidades do Klangio. Perfeito para m\u00fasicos e entusiastas da tecnologia. Junte-se a n\u00f3s para celebrar a inova\u00e7\u00e3o e a melodia!","robots":{"index":"index","follow":"follow","max-snippet":"max-snippet:-1","max-image-preview":"max-image-preview:large","max-video-preview":"max-video-preview:-1"},"canonical":"https:\/\/klang.io\/pt-br\/calendario-do-advento\/","og_locale":"pt_BR","og_type":"article","og_title":"Calend\u00e1rio do Advento 2023 | klang.io","og_description":"Descubra a magia musical de Klangio nesta temporada de f\u00e9rias! Descubra uma nova surpresa diariamente com nosso Calend\u00e1rio do Advento. Cada porta se abre para m\u00fasicas exclusivas, insights sobre tecnologia e especialidades do Klangio. Perfeito para m\u00fasicos e entusiastas da tecnologia. Junte-se a n\u00f3s para celebrar a inova\u00e7\u00e3o e a melodia!","og_url":"https:\/\/klang.io\/pt-br\/calendario-do-advento\/","og_site_name":"klang.io","article_publisher":"https:\/\/facebook.com\/klangio","article_modified_time":"2024-05-11T17:02:52+00:00","og_image":[{"width":1635,"height":859,"url":"https:\/\/klang.io\/wp-content\/uploads\/2023\/11\/Screenshot-2023-11-29-142558.jpg","type":"image\/jpeg"}],"twitter_card":"summary_large_image","twitter_site":"@klangio","schema":{"@context":"https:\/\/schema.org","@graph":[{"@type":"WebPage","@id":"https:\/\/klang.io\/pt-br\/calendario-do-advento\/","url":"https:\/\/klang.io\/pt-br\/calendario-do-advento\/","name":"Calend\u00e1rio do Advento 2023 | klang.io","isPartOf":{"@id":"https:\/\/klang.io\/pt-br\/#website"},"primaryImageOfPage":{"@id":"https:\/\/klang.io\/pt-br\/calendario-do-advento\/#primaryimage"},"image":{"@id":"https:\/\/klang.io\/pt-br\/calendario-do-advento\/#primaryimage"},"thumbnailUrl":"https:\/\/klang.io\/wp-content\/uploads\/2023\/11\/Screenshot-2023-11-29-142558.jpg","datePublished":"2022-11-29T13:57:27+00:00","dateModified":"2024-05-11T17:02:52+00:00","description":"Descubra a magia musical de Klangio nesta temporada de f\u00e9rias! Descubra uma nova surpresa diariamente com nosso Calend\u00e1rio do Advento. Cada porta se abre para m\u00fasicas exclusivas, insights sobre tecnologia e especialidades do Klangio. Perfeito para m\u00fasicos e entusiastas da tecnologia. Junte-se a n\u00f3s para celebrar a inova\u00e7\u00e3o e a melodia!","breadcrumb":{"@id":"https:\/\/klang.io\/pt-br\/calendario-do-advento\/#breadcrumb"},"inLanguage":"pt-BR","potentialAction":[{"@type":"ReadAction","target":["https:\/\/klang.io\/pt-br\/calendario-do-advento\/"]}]},{"@type":"ImageObject","inLanguage":"pt-BR","@id":"https:\/\/klang.io\/pt-br\/calendario-do-advento\/#primaryimage","url":"https:\/\/klang.io\/wp-content\/uploads\/2023\/11\/Screenshot-2023-11-29-142558.jpg","contentUrl":"https:\/\/klang.io\/wp-content\/uploads\/2023\/11\/Screenshot-2023-11-29-142558.jpg","width":1635,"height":859},{"@type":"BreadcrumbList","@id":"https:\/\/klang.io\/pt-br\/calendario-do-advento\/#breadcrumb","itemListElement":[{"@type":"ListItem","position":1,"name":"Home","item":"https:\/\/klang.io\/pt-br\/inicio-2\/"},{"@type":"ListItem","position":2,"name":"Calend\u00e1rio do Advento"}]},{"@type":"WebSite","@id":"https:\/\/klang.io\/pt-br\/#website","url":"https:\/\/klang.io\/pt-br\/","name":"Klangio","description":"AI Tools for Musicians","publisher":{"@id":"https:\/\/klang.io\/pt-br\/#organization"},"potentialAction":[{"@type":"SearchAction","target":{"@type":"EntryPoint","urlTemplate":"https:\/\/klang.io\/pt-br\/?s={search_term_string}"},"query-input":{"@type":"PropertyValueSpecification","valueRequired":true,"valueName":"search_term_string"}}],"inLanguage":"pt-BR"},{"@type":"Organization","@id":"https:\/\/klang.io\/pt-br\/#organization","name":"Klangio GmbH","url":"https:\/\/klang.io\/pt-br\/","logo":{"@type":"ImageObject","inLanguage":"pt-BR","@id":"https:\/\/klang.io\/pt-br\/#\/schema\/logo\/image\/","url":"\/wp-content\/uploads\/2021\/12\/cropped-Klangio-Logo-icon-1C.png","contentUrl":"\/wp-content\/uploads\/2021\/12\/cropped-Klangio-Logo-icon-1C.png","width":512,"height":512,"caption":"Klangio GmbH"},"image":{"@id":"https:\/\/klang.io\/pt-br\/#\/schema\/logo\/image\/"},"sameAs":["https:\/\/facebook.com\/klangio","https:\/\/x.com\/klangio","https:\/\/www.linkedin.com\/company\/klangio\/","https:\/\/www.instagram.com\/klangio\/","https:\/\/www.youtube.com\/@Klangio"]}]}},"_links":{"self":[{"href":"https:\/\/klang.io\/pt-br\/wp-json\/wp\/v2\/pages\/19504","targetHints":{"allow":["GET"]}}],"collection":[{"href":"https:\/\/klang.io\/pt-br\/wp-json\/wp\/v2\/pages"}],"about":[{"href":"https:\/\/klang.io\/pt-br\/wp-json\/wp\/v2\/types\/page"}],"author":[{"embeddable":true,"href":"https:\/\/klang.io\/pt-br\/wp-json\/wp\/v2\/users\/1"}],"replies":[{"embeddable":true,"href":"https:\/\/klang.io\/pt-br\/wp-json\/wp\/v2\/comments?post=19504"}],"version-history":[{"count":0,"href":"https:\/\/klang.io\/pt-br\/wp-json\/wp\/v2\/pages\/19504\/revisions"}],"wp:featuredmedia":[{"embeddable":true,"href":"https:\/\/klang.io\/pt-br\/wp-json\/wp\/v2\/media\/19505"}],"wp:attachment":[{"href":"https:\/\/klang.io\/pt-br\/wp-json\/wp\/v2\/media?parent=19504"}],"curies":[{"name":"wp","href":"https:\/\/api.w.org\/{rel}","templated":true}]}}

Calendário do Advento

<!-- This site is optimized with the Yoast SEO plugin v26.4 - https://yoast.com/wordpress/plugins/seo/ -->
<title>Calendário do Advento 2023 | klang.io</title>
<meta name="description" content="Descubra a magia musical de Klangio nesta temporada de férias! Descubra uma nova surpresa diariamente com nosso Calendário do Advento. Cada porta se abre para músicas exclusivas, insights sobre tecnologia e especialidades do Klangio. Perfeito para músicos e entusiastas da tecnologia. Junte-se a nós para celebrar a inovação e a melodia!" />
<meta name="robots" content="index, follow, max-snippet:-1, max-image-preview:large, max-video-preview:-1" />
<link rel="canonical" href="https://klang.io/pt-br/calendario-do-advento/" />
<meta property="og:locale" content="pt_BR" />
<meta property="og:type" content="article" />
<meta property="og:title" content="Calendário do Advento 2023 | klang.io" />
<meta property="og:description" content="Descubra a magia musical de Klangio nesta temporada de férias! Descubra uma nova surpresa diariamente com nosso Calendário do Advento. Cada porta se abre para músicas exclusivas, insights sobre tecnologia e especialidades do Klangio. Perfeito para músicos e entusiastas da tecnologia. Junte-se a nós para celebrar a inovação e a melodia!" />
<meta property="og:url" content="https://klang.io/pt-br/calendario-do-advento/" />
<meta property="og:site_name" content="klang.io" />
<meta property="article:publisher" content="https://facebook.com/klangio" />
<meta property="article:modified_time" content="2024-05-11T17:02:52+00:00" />
<meta property="og:image" content="https://klang.io/wp-content/uploads/2023/11/Screenshot-2023-11-29-142558.jpg" />
	<meta property="og:image:width" content="1635" />
	<meta property="og:image:height" content="859" />
	<meta property="og:image:type" content="image/jpeg" />
<meta name="twitter:card" content="summary_large_image" />
<meta name="twitter:site" content="@klangio" />
<script type="application/ld+json" class="yoast-schema-graph">{"@context":"https://schema.org","@graph":[{"@type":"WebPage","@id":"https://klang.io/pt-br/calendario-do-advento/","url":"https://klang.io/pt-br/calendario-do-advento/","name":"Calendário do Advento 2023 | klang.io","isPartOf":{"@id":"https://klang.io/pt-br/#website"},"primaryImageOfPage":{"@id":"https://klang.io/pt-br/calendario-do-advento/#primaryimage"},"image":{"@id":"https://klang.io/pt-br/calendario-do-advento/#primaryimage"},"thumbnailUrl":"https://klang.io/wp-content/uploads/2023/11/Screenshot-2023-11-29-142558.jpg","datePublished":"2022-11-29T13:57:27+00:00","dateModified":"2024-05-11T17:02:52+00:00","description":"Descubra a magia musical de Klangio nesta temporada de férias! Descubra uma nova surpresa diariamente com nosso Calendário do Advento. Cada porta se abre para músicas exclusivas, insights sobre tecnologia e especialidades do Klangio. Perfeito para músicos e entusiastas da tecnologia. Junte-se a nós para celebrar a inovação e a melodia!","breadcrumb":{"@id":"https://klang.io/pt-br/calendario-do-advento/#breadcrumb"},"inLanguage":"pt-BR","potentialAction":[{"@type":"ReadAction","target":["https://klang.io/pt-br/calendario-do-advento/"]}]},{"@type":"ImageObject","inLanguage":"pt-BR","@id":"https://klang.io/pt-br/calendario-do-advento/#primaryimage","url":"https://klang.io/wp-content/uploads/2023/11/Screenshot-2023-11-29-142558.jpg","contentUrl":"https://klang.io/wp-content/uploads/2023/11/Screenshot-2023-11-29-142558.jpg","width":1635,"height":859},{"@type":"BreadcrumbList","@id":"https://klang.io/pt-br/calendario-do-advento/#breadcrumb","itemListElement":[{"@type":"ListItem","position":1,"name":"Home","item":"https://klang.io/pt-br/inicio-2/"},{"@type":"ListItem","position":2,"name":"Calendário do Advento"}]},{"@type":"WebSite","@id":"https://klang.io/pt-br/#website","url":"https://klang.io/pt-br/","name":"Klangio","description":"AI Tools for Musicians","publisher":{"@id":"https://klang.io/pt-br/#organization"},"potentialAction":[{"@type":"SearchAction","target":{"@type":"EntryPoint","urlTemplate":"https://klang.io/pt-br/?s={search_term_string}"},"query-input":{"@type":"PropertyValueSpecification","valueRequired":true,"valueName":"search_term_string"}}],"inLanguage":"pt-BR"},{"@type":"Organization","@id":"https://klang.io/pt-br/#organization","name":"Klangio GmbH","url":"https://klang.io/pt-br/","logo":{"@type":"ImageObject","inLanguage":"pt-BR","@id":"https://klang.io/pt-br/#/schema/logo/image/","url":"/wp-content/uploads/2021/12/cropped-Klangio-Logo-icon-1C.png","contentUrl":"/wp-content/uploads/2021/12/cropped-Klangio-Logo-icon-1C.png","width":512,"height":512,"caption":"Klangio GmbH"},"image":{"@id":"https://klang.io/pt-br/#/schema/logo/image/"},"sameAs":["https://facebook.com/klangio","https://x.com/klangio","https://www.linkedin.com/company/klangio/","https://www.instagram.com/klangio/","https://www.youtube.com/@Klangio"]}]}</script>
<!-- / Yoast SEO plugin. -->

Calendário do Advento 2023 | klang.io

Descubra a magia musical de Klangio nesta temporada de férias! Descubra uma nova surpresa diariamente com nosso Calendário do Advento. Cada porta se abre para músicas exclusivas, insights sobre tecnologia e especialidades do Klangio. Perfeito para músicos e entusiastas da tecnologia. Junte-se a nós para celebrar a inovação e a melodia!
